{"id":185,"date":"2019-09-02T15:23:16","date_gmt":"2019-09-02T18:23:16","guid":{"rendered":"http:\/\/tallesbarreto.com.br\/site\/?page_id=185"},"modified":"2022-04-27T18:49:58","modified_gmt":"2022-04-27T21:49:58","slug":"biografia","status":"publish","type":"page","link":"https:\/\/tallesbarreto.com.br\/site\/index.php\/biografia\/","title":{"rendered":"Biografia"},"content":{"rendered":"\n<h2><\/h2>\n\n\n\n<figure class=\"wp-block-image\"><img loading=\"lazy\" width=\"648\" height=\"432\" src=\"https:\/\/i0.wp.com\/tallesbarreto.com.br\/site\/wp-content\/uploads\/2019\/08\/60361512_3159913884020570_2515675667979304960_n.jpg?resize=648%2C432&#038;ssl=1\" alt=\"Talles Barreto\" class=\"wp-image-147\" srcset=\"https:\/\/i0.wp.com\/tallesbarreto.com.br\/site\/wp-content\/uploads\/2019\/08\/60361512_3159913884020570_2515675667979304960_n.jpg?w=960&amp;ssl=1 960w, https:\/\/i0.wp.com\/tallesbarreto.com.br\/site\/wp-content\/uploads\/2019\/08\/60361512_3159913884020570_2515675667979304960_n.jpg?resize=300%2C200&amp;ssl=1 300w, https:\/\/i0.wp.com\/tallesbarreto.com.br\/site\/wp-content\/uploads\/2019\/08\/60361512_3159913884020570_2515675667979304960_n.jpg?resize=768%2C512&amp;ssl=1 768w\" sizes=\"(max-width: 648px) 100vw, 648px\" data-recalc-dims=\"1\" \/><\/figure>\n\n\n\n<p>Talles Alves Barreto nasceu em Itapuranga, Goi\u00e1s, filho do juiz Ant\u00f4nio Barreto ( In Memoriam) e Ad\u00e9lia Alves Barreto. Advogado desde 1994, p\u00f3s-graduado em Gest\u00e3o P\u00fablica pela Funda\u00e7\u00e3o Get\u00falio Vargas. Casado, com a Desembargadora Federal do Trabalho, Iara Rios, pai de 3 filhos. Mudou-se para Goi\u00e2nia ainda muito jovem, no ano de 1979, para acompanhar o pai que assumia a 3\u00aa Vara Criminal da Capital.<\/p>\n\n\n\n<p>Iniciou a vida pol\u00edtica nos movimentos estudantis no final da d\u00e9cada de 80,\nfoi presidente do PFL Jovem; Procurador jur\u00eddico do Gabinete Civil; Presidente\ndo Fundo Especial de Revitaliza\u00e7\u00e3o do Est\u00e1dio Serra Dourada e, posteriormente\nassumiu a presid\u00eancia da Ag\u00eancia Goiana de Esporte e Lazer, ficando \u00e0 frente da\npasta at\u00e9 o ano de 2010. <\/p>\n\n\n\n<p>Na Presid\u00eancia da AGEL, levou o esporte ao interior de Goi\u00e1s, fortaleceu\nassocia\u00e7\u00f5es e ligas esportivas locais. Dentre os projetos desenvolvidos e\nimplantados na sua exitosa gest\u00e3o a frente da AGEL est\u00e3o o Projeto 2\u00ba tempo:\nCrian\u00e7as e adolescentes ap\u00f3s o hor\u00e1rio de aula, incentivadas a praticar\nesporte, com um objetivo social e de integra\u00e7\u00e3o. Programa Pr\u00f3-Atleta: Atletas\nde alto rendimento, atrav\u00e9s de um incentivo governamental, trazendo resultados\nsignificativos nas competi\u00e7\u00f5es nacionais e internacionais. Programa Pintando a\nLiberdade: A reinser\u00e7\u00e3o social do reeducando onde os detentos do sistema\nSemiaberto, confeccionavam materiais esportivos, que eram utilizados nos\nprojetos sociais <\/p>\n\n\n\n<p>Fase que impulsionou para em 2010 come\u00e7ar a luta para conquistar uma cadeira\nna Assembleia Legislativa de Goi\u00e1s, recebendo valorosos 23.372 votos. Em seu\nsegundo mandato, obteve um crescimento na sua vota\u00e7\u00e3o relativa \u00e0 primeira\nelei\u00e7\u00e3o, desta vez eleito com 36.639 votos. <\/p>\n\n\n\n<p>Talles \u00e9 reconhecido como um dos deputados mais atuantes da casa, ocupou o\ncargo de presidente da Comiss\u00e3o de Constitui\u00e7\u00e3o e Justi\u00e7a, a mais importante da\ncasa. No per\u00edodo em que Talles esteve \u00e0 frente da comiss\u00e3o, foram 1.378 projetos\nvotados, j\u00e1 na comiss\u00e3o mista foram realizadas 108 reuni\u00f5es com a vota\u00e7\u00e3o de 359\nprojetos.&nbsp; J\u00e1 apresentou mais de 190\nprojetos de lei , na \u00e1rea da Sa\u00fade, Educa\u00e7\u00e3o, direito dos Idosos, dentre\noutros; Reconhecido pela sua atua\u00e7\u00e3o municipalista, destinou milh\u00f5es de reais\nem emendas parlamentares para os munic\u00edpios que representa, utilizados na\ncompra de ambul\u00e2ncias, vans e outras demandas. <\/p>\n\n\n\n<p>Em 2017, Talles Barreto assumiu o cargo de Secret\u00e1rio Extraordin\u00e1rio de\nSupervis\u00e3o das Execu\u00e7\u00f5es do Programa Goi\u00e1s na Frente. O programa celebrou\nimportantes conv\u00eanios com 221 munic\u00edpios goianos.<\/p>\n\n\n\n<p>O deputado estadual est\u00e1 em seu terceiro mandato, reeleito com 36.456 votos e na 19\u00aa Legislatura estar\u00e1 atuando na lideran\u00e7a do PSDB na Assembleia Legislativa de Goi\u00e1s. Ap\u00f3s seu retorno \u00e0 Assembleia Legislativa de Goi\u00e1s, Talles instaurou a CPI das Universidades que visa apurar a irregularidades em institui\u00e7\u00f5es de ensino superior e assumiu a presid\u00eancia da Comiss\u00e3o de Educa\u00e7\u00e3o, Cultura e Esporte. Talles Barreto \u00e9 defensor de uma Assembleia independente e foi uma importante voz no debate da PEC do Or\u00e7amento Impositivo, que garante aos deputados autonomia para destinar emendas aos munic\u00edpios que representam.<\/p>\n\n\n\n<figure class=\"wp-block-embed aligncenter is-type-video is-provider-youtube wp-block-embed-youtube wp-embed-aspect-16-9 wp-has-aspect-ratio\"><div class=\"wp-block-embed__wrapper\">\n<div class=\"epyt-video-wrapper\"><iframe loading=\"lazy\"  id=\"_ytid_38136\"  width=\"648\" height=\"365\"  data-origwidth=\"648\" data-origheight=\"365\" src=\"https:\/\/www.youtube.com\/embed\/MObZah-9k5I?enablejsapi=1&#038;autoplay=0&#038;cc_load_policy=0&#038;cc_lang_pref=&#038;iv_load_policy=1&#038;loop=0&#038;modestbranding=1&#038;rel=0&#038;fs=1&#038;playsinline=0&#038;autohide=2&#038;theme=dark&#038;color=red&#038;controls=1&#038;\" class=\"__youtube_prefs__  epyt-is-override  no-lazyload\" title=\"YouTube player\"  allow=\"accelerometer; autoplay; clipboard-write; encrypted-media; gyroscope; picture-in-picture\" allowfullscreen data-no-lazy=\"1\" data-skipgform_ajax_framebjll=\"\"><\/iframe><\/div>\n<\/div><\/figure>\n","protected":false},"excerpt":{"rendered":"<p>Talles Alves Barreto nasceu em Itapuranga, Goi\u00e1s, filho do juiz Ant\u00f4nio Barreto ( In Memoriam) e Ad\u00e9lia Alves Barreto. Advogado desde 1994, p\u00f3s-graduado em Gest\u00e3o P\u00fablica pela Funda\u00e7\u00e3o Get\u00falio Vargas. Casado, com a Desembargadora Federal do Trabalho, Iara Rios, pai de 3 filhos. Mudou-se para Goi\u00e2nia ainda muito jovem, no ano de 1979, para acompanhar [&hellip;]<\/p>\n","protected":false},"author":1,"featured_media":0,"parent":0,"menu_order":3,"comment_status":"closed","ping_status":"closed","template":"page-fullwidth.php","meta":{"spay_email":""},"yoast_head":"<!-- This site is optimized with the Yoast SEO plugin v19.4 - https:\/\/yoast.com\/wordpress\/plugins\/seo\/ -->\n<title>Biografia - Deputado Estadual Talles Barreto<\/title>\n<meta name=\"robots\" content=\"index, follow, max-snippet:-1, max-image-preview:large, max-video-preview:-1\" \/>\n<link rel=\"canonical\" href=\"https:\/\/tallesbarreto.com.br\/site\/index.php\/biografia\/\" \/>\n<meta property=\"og:locale\" content=\"pt_BR\" \/>\n<meta property=\"og:type\" content=\"article\" \/>\n<meta property=\"og:title\" content=\"Biografia - Deputado Estadual Talles Barreto\" \/>\n<meta property=\"og:description\" content=\"Talles Alves Barreto nasceu em Itapuranga, Goi\u00e1s, filho do juiz Ant\u00f4nio Barreto ( In Memoriam) e Ad\u00e9lia Alves Barreto. Advogado desde 1994, p\u00f3s-graduado em Gest\u00e3o P\u00fablica pela Funda\u00e7\u00e3o Get\u00falio Vargas. Casado, com a Desembargadora Federal do Trabalho, Iara Rios, pai de 3 filhos. Mudou-se para Goi\u00e2nia ainda muito jovem, no ano de 1979, para acompanhar [&hellip;]\" \/>\n<meta property=\"og:url\" content=\"https:\/\/tallesbarreto.com.br\/site\/index.php\/biografia\/\" \/>\n<meta property=\"og:site_name\" content=\"Deputado Estadual Talles Barreto\" \/>\n<meta property=\"article:publisher\" content=\"https:\/\/www.facebook.com\/deputadotallesbarreto\/\" \/>\n<meta property=\"article:modified_time\" content=\"2022-04-27T21:49:58+00:00\" \/>\n<meta property=\"og:image\" content=\"https:\/\/tallesbarreto.com.br\/site\/wp-content\/uploads\/2019\/08\/60361512_3159913884020570_2515675667979304960_n.jpg\" \/>\n<meta name=\"twitter:card\" content=\"summary_large_image\" \/>\n<meta name=\"twitter:site\" content=\"@talles_barreto\" \/>\n<meta name=\"twitter:label1\" content=\"Est. tempo de leitura\" \/>\n\t<meta name=\"twitter:data1\" content=\"3 minutos\" \/>\n<script type=\"application\/ld+json\" class=\"yoast-schema-graph\">{\"@context\":\"https:\/\/schema.org\",\"@graph\":[{\"@type\":\"Organization\",\"@id\":\"https:\/\/tallesbarreto.com.br\/site\/#organization\",\"name\":\"Deputado Estadual Talles Barreto\",\"url\":\"https:\/\/tallesbarreto.com.br\/site\/\",\"sameAs\":[\"https:\/\/www.instagram.com\/deputadotallesbarreto\/\",\"https:\/\/www.facebook.com\/deputadotallesbarreto\/\",\"https:\/\/twitter.com\/talles_barreto\"],\"logo\":{\"@type\":\"ImageObject\",\"inLanguage\":\"pt-BR\",\"@id\":\"https:\/\/tallesbarreto.com.br\/site\/#\/schema\/logo\/image\/\",\"url\":\"https:\/\/tallesbarreto.com.br\/site\/wp-content\/uploads\/2019\/09\/logo-1.png\",\"contentUrl\":\"https:\/\/tallesbarreto.com.br\/site\/wp-content\/uploads\/2019\/09\/logo-1.png\",\"width\":2481,\"height\":1226,\"caption\":\"Deputado Estadual Talles Barreto\"},\"image\":{\"@id\":\"https:\/\/tallesbarreto.com.br\/site\/#\/schema\/logo\/image\/\"}},{\"@type\":\"WebSite\",\"@id\":\"https:\/\/tallesbarreto.com.br\/site\/#website\",\"url\":\"https:\/\/tallesbarreto.com.br\/site\/\",\"name\":\"Deputado Estadual Talles Barreto\",\"description\":\"\",\"publisher\":{\"@id\":\"https:\/\/tallesbarreto.com.br\/site\/#organization\"},\"potentialAction\":[{\"@type\":\"SearchAction\",\"target\":{\"@type\":\"EntryPoint\",\"urlTemplate\":\"https:\/\/tallesbarreto.com.br\/site\/?s={search_term_string}\"},\"query-input\":\"required name=search_term_string\"}],\"inLanguage\":\"pt-BR\"},{\"@type\":\"WebPage\",\"@id\":\"https:\/\/tallesbarreto.com.br\/site\/index.php\/biografia\/\",\"url\":\"https:\/\/tallesbarreto.com.br\/site\/index.php\/biografia\/\",\"name\":\"Biografia - Deputado Estadual Talles Barreto\",\"isPartOf\":{\"@id\":\"https:\/\/tallesbarreto.com.br\/site\/#website\"},\"datePublished\":\"2019-09-02T18:23:16+00:00\",\"dateModified\":\"2022-04-27T21:49:58+00:00\",\"breadcrumb\":{\"@id\":\"https:\/\/tallesbarreto.com.br\/site\/index.php\/biografia\/#breadcrumb\"},\"inLanguage\":\"pt-BR\",\"potentialAction\":[{\"@type\":\"ReadAction\",\"target\":[\"https:\/\/tallesbarreto.com.br\/site\/index.php\/biografia\/\"]}]},{\"@type\":\"BreadcrumbList\",\"@id\":\"https:\/\/tallesbarreto.com.br\/site\/index.php\/biografia\/#breadcrumb\",\"itemListElement\":[{\"@type\":\"ListItem\",\"position\":1,\"name\":\"In\u00edcio\",\"item\":\"https:\/\/tallesbarreto.com.br\/site\/\"},{\"@type\":\"ListItem\",\"position\":2,\"name\":\"Biografia\"}]}]}<\/script>\n<!-- \/ Yoast SEO plugin. -->","yoast_head_json":{"title":"Biografia - Deputado Estadual Talles Barreto","robots":{"index":"index","follow":"follow","max-snippet":"max-snippet:-1","max-image-preview":"max-image-preview:large","max-video-preview":"max-video-preview:-1"},"canonical":"https:\/\/tallesbarreto.com.br\/site\/index.php\/biografia\/","og_locale":"pt_BR","og_type":"article","og_title":"Biografia - Deputado Estadual Talles Barreto","og_description":"Talles Alves Barreto nasceu em Itapuranga, Goi\u00e1s, filho do juiz Ant\u00f4nio Barreto ( In Memoriam) e Ad\u00e9lia Alves Barreto. Advogado desde 1994, p\u00f3s-graduado em Gest\u00e3o P\u00fablica pela Funda\u00e7\u00e3o Get\u00falio Vargas. Casado, com a Desembargadora Federal do Trabalho, Iara Rios, pai de 3 filhos. Mudou-se para Goi\u00e2nia ainda muito jovem, no ano de 1979, para acompanhar [&hellip;]","og_url":"https:\/\/tallesbarreto.com.br\/site\/index.php\/biografia\/","og_site_name":"Deputado Estadual Talles Barreto","article_publisher":"https:\/\/www.facebook.com\/deputadotallesbarreto\/","article_modified_time":"2022-04-27T21:49:58+00:00","og_image":[{"url":"https:\/\/tallesbarreto.com.br\/site\/wp-content\/uploads\/2019\/08\/60361512_3159913884020570_2515675667979304960_n.jpg"}],"twitter_card":"summary_large_image","twitter_site":"@talles_barreto","twitter_misc":{"Est. tempo de leitura":"3 minutos"},"schema":{"@context":"https:\/\/schema.org","@graph":[{"@type":"Organization","@id":"https:\/\/tallesbarreto.com.br\/site\/#organization","name":"Deputado Estadual Talles Barreto","url":"https:\/\/tallesbarreto.com.br\/site\/","sameAs":["https:\/\/www.instagram.com\/deputadotallesbarreto\/","https:\/\/www.facebook.com\/deputadotallesbarreto\/","https:\/\/twitter.com\/talles_barreto"],"logo":{"@type":"ImageObject","inLanguage":"pt-BR","@id":"https:\/\/tallesbarreto.com.br\/site\/#\/schema\/logo\/image\/","url":"https:\/\/tallesbarreto.com.br\/site\/wp-content\/uploads\/2019\/09\/logo-1.png","contentUrl":"https:\/\/tallesbarreto.com.br\/site\/wp-content\/uploads\/2019\/09\/logo-1.png","width":2481,"height":1226,"caption":"Deputado Estadual Talles Barreto"},"image":{"@id":"https:\/\/tallesbarreto.com.br\/site\/#\/schema\/logo\/image\/"}},{"@type":"WebSite","@id":"https:\/\/tallesbarreto.com.br\/site\/#website","url":"https:\/\/tallesbarreto.com.br\/site\/","name":"Deputado Estadual Talles Barreto","description":"","publisher":{"@id":"https:\/\/tallesbarreto.com.br\/site\/#organization"},"potentialAction":[{"@type":"SearchAction","target":{"@type":"EntryPoint","urlTemplate":"https:\/\/tallesbarreto.com.br\/site\/?s={search_term_string}"},"query-input":"required name=search_term_string"}],"inLanguage":"pt-BR"},{"@type":"WebPage","@id":"https:\/\/tallesbarreto.com.br\/site\/index.php\/biografia\/","url":"https:\/\/tallesbarreto.com.br\/site\/index.php\/biografia\/","name":"Biografia - Deputado Estadual Talles Barreto","isPartOf":{"@id":"https:\/\/tallesbarreto.com.br\/site\/#website"},"datePublished":"2019-09-02T18:23:16+00:00","dateModified":"2022-04-27T21:49:58+00:00","breadcrumb":{"@id":"https:\/\/tallesbarreto.com.br\/site\/index.php\/biografia\/#breadcrumb"},"inLanguage":"pt-BR","potentialAction":[{"@type":"ReadAction","target":["https:\/\/tallesbarreto.com.br\/site\/index.php\/biografia\/"]}]},{"@type":"BreadcrumbList","@id":"https:\/\/tallesbarreto.com.br\/site\/index.php\/biografia\/#breadcrumb","itemListElement":[{"@type":"ListItem","position":1,"name":"In\u00edcio","item":"https:\/\/tallesbarreto.com.br\/site\/"},{"@type":"ListItem","position":2,"name":"Biografia"}]}]}},"_links":{"self":[{"href":"https:\/\/tallesbarreto.com.br\/site\/index.php\/wp-json\/wp\/v2\/pages\/185"}],"collection":[{"href":"https:\/\/tallesbarreto.com.br\/site\/index.php\/wp-json\/wp\/v2\/pages"}],"about":[{"href":"https:\/\/tallesbarreto.com.br\/site\/index.php\/wp-json\/wp\/v2\/types\/page"}],"author":[{"embeddable":true,"href":"https:\/\/tallesbarreto.com.br\/site\/index.php\/wp-json\/wp\/v2\/users\/1"}],"replies":[{"embeddable":true,"href":"https:\/\/tallesbarreto.com.br\/site\/index.php\/wp-json\/wp\/v2\/comments?post=185"}],"version-history":[{"count":6,"href":"https:\/\/tallesbarreto.com.br\/site\/index.php\/wp-json\/wp\/v2\/pages\/185\/revisions"}],"predecessor-version":[{"id":1461,"href":"https:\/\/tallesbarreto.com.br\/site\/index.php\/wp-json\/wp\/v2\/pages\/185\/revisions\/1461"}],"wp:attachment":[{"href":"https:\/\/tallesbarreto.com.br\/site\/index.php\/wp-json\/wp\/v2\/media?parent=185"}],"curies":[{"name":"wp","href":"https:\/\/api.w.org\/{rel}","templated":true}]}}